are the prime factors of 2576648794?
2, 179, 997, 7219
List the prime factors of 5022961.
31, 311, 521
List the prime factors of 41025663.
3, 7, 131, 1657
What are the prime factors of 53544044?
2, 149, 89839
List the prime factors of 261557715.
3, 5, 17437181
List the prime factors of 2368709802.
2, 3, 191, 688979
List the prime factors of 42620175.
3, 5, 13, 1619
What are the prime factors of 356095446?
2, 3, 7, 53, 22853
List the prime factors of 4158029046.
2, 3, 19, 73, 26297
What are the prime factors of 667910414?
2, 333955207
What are the prime factors of 461420844?
2, 3, 313, 122849
List the prime factors of 1742027546.
2, 7, 124430539
What are the prime factors of 171077306?
2, 43, 61, 32611
What are the prime factors of 1469669930?
2, 5, 146966993
List the prime factors of 4231858908.
2, 3, 313, 1126693
List the prime factors of 200564236.
2, 1753, 28603
What are the prime factors of 4072901723?
11, 29, 71, 179827
What are the prime factors of 878111201?
11, 19, 251, 881
List the prime factors of 51005025.
3, 5, 19, 41, 97
List the prime factors of 63910818.
2, 3, 467, 7603
What are the prime factors of 130400392?
2, 16300049
List the prime factors of 329929912.
2, 13, 79, 3089
What are the prime factors of 212164732?
2, 13, 113, 36107
What are the prime factors of 2326585056?
2, 3, 23, 1053707
List the prime factors of 2773889436.
2, 3, 181, 1277113
List the prime factors of 1561176729.
3, 7, 24780583
What are the prime factors of 594766662?
2, 3, 7, 14161111
List the prime factors of 1083407659.
79, 3323, 4127
List the prime factors of 540021936.
2, 3, 11250457
What are the prime factors of 72908874?
2, 3, 4050493
What are the prime factors of 287774842?
2, 53, 197, 13781
List the prime factors of 702738874.
2, 443, 793159
List the prime factors of 1477379907.
3, 23, 7137101
What are the prime factors of 1230116665?
5, 47, 59, 88721
What are the prime factors of 8157724?
2, 193, 10567
List the prime factors of 5607994355.
5, 37, 30313483
What are the prime factors of 5230177452?
2, 3, 5380841
What are the prime factors of 185875748?
2, 179, 259603
What are the prime factors of 871819584?
2, 3, 4540727
List the prime factors of 5009073298.
2, 2504536649
List the prime factors of 89259780.
2, 3, 5, 23, 71, 911
List the prime factors of 760691732.
2, 37, 263, 19543
What are the prime factors of 451999160?
2, 5, 11299979
List the prime factors of 62343445.
5, 12468689
List the prime factors of 54539361.
3, 131, 167, 277
What are the prime factors of 499406876?
2, 149, 837931
List the prime factors of 27429247.
37, 47, 15773
List the prime factors of 198236317.
67, 1093, 2707
What are the prime factors of 71143016?
2, 7, 31, 107, 383
What are the prime factors of 348482670?
2, 3, 5, 11616089
What are the prime factors of 36294714?
2, 3, 2016373
List the prime factors of 808515011.
808515011
List the prime factors of 4043614141.
7, 577659163
List the prime factors of 384037705.
5, 47, 1634203
What are the prime factors of 579617545?
5, 13, 137, 65089
List the prime factors of 38110929.
3, 491, 25873
What are the prime factors of 409650268?
2, 89, 1150703
List the prime factors of 126261140.
2, 5, 31, 41, 4967
What are the prime factors of 296153177?
296153177
What are the prime factors of 160439905?
5, 47, 682723
What are the prime factors of 2633512213?
23, 193, 383, 1549
List the prime factors of 637682.
2, 318841
What are the prime factors of 6402844239?
3, 11, 163, 443, 2687
List the prime factors of 156852881.
156852881
List the prime factors of 22727464.
2, 31, 113, 811
List the prime factors of 49502640.
2, 3, 5, 11, 17, 1103
What are the prime factors of 1117406258?
2, 83, 6731363
What are the prime factors of 3345987980?
2, 5, 1291, 129589
List the prime factors of 521917667.
521917667
What are the prime factors of 2086121946?
2, 3, 193, 1163, 1549
List the prime factors of 502250718.
2, 3, 599, 139747
List the prime factors of 163141056.
2, 3, 13, 21787
What are the prime factors of 252561837?
3, 11, 107, 71527
What are the prime factors of 114707184?
2, 3, 2389733
What are the prime factors of 2540243752?
2, 733, 433193
What are the prime factors of 493985592?
2, 3, 17, 191, 2113
List the prime factors of 19781121.
3, 6593707
List the prime factors of 368794090.
2, 5, 7, 17, 44273
What are the prime factors of 105431357?
149, 379, 1867
List the prime factors of 328720583.
17911, 18353
List the prime factors of 582882577.
582882577
List the prime factors of 615834721.
67, 9191563
What are the prime factors of 58851811?
2801, 21011
What are the prime factors of 2771895696?
2, 3, 17, 3396931
What are the prime factors of 90222262?
2, 13, 3470087
List the prime factors of 89623342.
2, 19, 173, 13633
List the prime factors of 79060438.
2, 17, 29, 181, 443
List the prime factors of 109244292.
2, 3, 71, 128221
List the prime factors of 193997397.
3, 11, 5878709
List the prime factors of 62112560.
2, 5, 17, 109, 419
List the prime factors of 1684203444.
2, 3, 7, 11, 37, 16421
List the prime factors of 6146827.
821, 7487
What are the prime factors of 65823388?
2, 17, 29, 1151
List the prime factors of 80904667.
7877, 10271
What are the prime factors of 766542058?
2, 12437, 30817
List the prime factors of 3504781827.
3, 53, 163, 45077
What are the prime factors of 278139206?
2, 11447, 12149
List the prime factors of 2757084582.
2, 3, 7, 17, 3861463
List the prime factors of 1193429993.
7, 59, 719, 4019
List the prime factors of 620881408.
2, 7, 191, 907
List the prime factors of 21134460.
2, 3, 5, 19, 18539
List the prime factors of 567031870.
2, 5, 56703187
List the prime factors of 1200963259.
211, 1009, 5641
What are the prime factors of 43194342?
2, 3, 7199057
What are the prime factors of 4536930199?
17, 2633, 101359
List the prime factors of 70011730.
2, 5, 1601, 4373
List the prime factors of 847140225.
3, 5, 11295203
What are the prime factors of 1147074133?
17, 107, 630607
What are the prime factors of 73643078?
2, 47, 83, 9439
List the prime factors of 702352733.
702352733
List the prime factors of 334243773.
3, 43, 223, 1291
List the prime factors of 1111641263.
199, 283, 19739
List the prime factors of 7690781935.
5, 811, 1896617
What are the prime factors of 253339427?
11, 23030857
What are the prime factors of 106867802?
2, 1171, 45631
What are the prime factors of 28270020?
2, 3, 5, 457, 1031
What are the prime factors of 718035239?
17, 307, 8093
What are the prime factors of 15980270?
2, 5, 757, 2111
What are the prime factors of 4649673089?
61, 1697, 44917
List the prime factors of 11893477.
11893477
List the prime factors of 1321860757.
7, 53, 3562967
List the prime factors of 5747059571.
11, 71, 1499, 4909
What are the prime factors of 444062596?
2, 293, 378893
What are the prime factors of 44017083?
3, 11, 53, 8389
What are the prime factors of 5106800431?
499, 10234069
What are the prime factors of 2159830291?
67, 32236273
List the prime factors of 47597503.
37, 1286419
List the prime factors of 348608959.
103, 3384553
What are the prime factors of 1924298674?
2, 41, 23467057
What are the prime factors of 1672885?
5, 17, 19681
What are the prime factors of 2211576111?
3, 245730679
List the prime factors of 36793828.
2, 9198457
List the prime factors of 142903373.
409, 349397
List the prime factors of 26100625.
5, 41761
List the prime factors of 4198480719.
3, 47, 29776459
List the prime factors of 87554046.
2, 3, 17, 858373
What are the prime factors of 62157909?
3, 11, 1883573
List the prime factors of 270356194.
2, 101, 1338397
List the prime factors of 6172126794.
2, 3, 17, 1321, 15269
List the prime factors of 44415151.
11, 4037741
What are the prime factors of 538731934?
2, 13, 20720459
List the prime factors of 5761398613.
5761398613
What are the prime factors of 19280845?
5, 877, 4397
What are the prime factors of 6674244887?
83, 7351, 10939
What are the prime factors of 3405088443?
3, 2531, 448451
List the prime factors of 5266400.
2, 5, 29, 227
What are the prime factors of 4497526765?
5, 19, 47342387
What are the prime factors of 8060267051?
5791, 1391861
List the prime factors of 413642580.
2, 3, 5, 13, 23, 23057
What are the prime factors of 109562759?
19, 509, 11329
List the prime factors of 52256